-668. Let o = 72 - r. What are the prime factors of o?
2, 31
Suppose 9*f = -3*u + 4*f - 11, u + 5*f + 17 = 0. Suppose 0 = 3*b - 2*c - 589, -b + 3*b + u*c - 410 = 0. What are the prime factors of b?
199
Let v = 23637 - 15354. List the prime factors of v.
3, 11, 251
Suppose 47 = 5*i - 3*c - 12, -c = -5*i + 63. Suppose -3402 = -20*j + i*j. List the prime factors of j.
2, 3
Suppose -3*o = -3*t - 96, -3*t = 3*o + 30 - 96. Let d = 14 - -3. Suppose -q + d + o = 0. What are the prime factors of q?
2, 11
Let z = 3049 - 1337. Let k = z - 994. List the prime factors of k.
2, 359
Suppose 117604 = 4*b + 5*c, -2*c = 115*b - 116*b + 29414. List the prime factors of b.
2, 3, 13, 29
Let h = -5994 - -9147. What are the prime factors of h?
3, 1051
Let r = 28520 + -15529. What are the prime factors of r?
11, 1181
Let f = -95 - -92. What are the prime factors of (-9)/(-9) + f + 299?
3, 11
Suppose -5*k + 1 = 2*y - 49, -k = 4*y + 8. Let b = -10 + k. Suppose -5*z = b*z - 84. List the prime factors of z.
2, 3
Suppose -4*g + 3*k + 22058 = 0, -48*g + 47*g + 4*k + 5508 = 0. What are the prime factors of g?
2, 7, 197
Suppose a = -5, 37*a - 7984 = -2*d + 35*a. What are the prime factors of d?
7, 571
What are the prime factors of (-216992)/(-34) - ((-342)/(-323))/9?
2, 3191
Let o = 16629 - 1401. What are the prime factors of o?
2, 3, 47
Let p be 6/(-2) - (5 + 6). Let b be 0 + 0 - (3 + p). Suppose b*c - 609 = 304. List the prime factors of c.
83
Let g = -18477 + 35212. What are the prime factors of g?
5, 3347
Let a = 8883 + -4603. List the prime factors of a.
2, 5, 107
Let y(l) = 1044*l**2 - 47*l + 1. What are the prime factors of y(9)?
2, 42071
Let r = -140 - -607. Let h = r + -184. List the prime factors of h.
283
List the prime factors of 52276/3 + -11*20/(-132).
3, 37, 157
Let f = 63 + -60. Let b(n) = -3*n**3 - n - n**3 + 0*n**f + 0*n. List the prime factors of b(-3).
3, 37
Let g be (0 + 1)/((-27)/(-105273)). Suppose 42*c + g = 26327. What are the prime factors of c?
2, 3, 89
Suppose 553321 = 49*o - 261255. List the prime factors of o.
2, 1039
Let h = 17698 + -10917. What are the prime factors of h?
6781
Let g(o) = o + 19. Let z be g(-8). Suppose 6 = -9*s + z*s. Suppose 3*n - 465 = -s*k, 4*k + 46 - 516 = -3*n. What are the prime factors of n?
2, 3, 5
Suppose -429889 - 323690 = -93*a. What are the prime factors of a?
3, 37, 73
Suppose 26*a - 22*a = 1156. Let u = a + 67. List the prime factors of u.
2, 89
Let y be (-23)/(3 + (-7)/2). Suppose p + y - 49 = 0. Suppose 2*t + 137 = p*t. What are the prime factors of t?
137
Let i be (-146)/(-30) + ((-56)/30 - -2). Suppose 2*w - 4072 + 1080 = 5*y, i*w = 5*y + 7495. List the prime factors of w.
19, 79
Let m = -694 - -701. Suppose -13*w + 6048 = -m*w. List the prime factors of w.
2, 3, 7
Let m(g) = 2*g**2 + 23*g - 17. Suppose 6*t = -t - 112. Let s be m(t). Suppose s = -3*u + 427. What are the prime factors of u?
2, 5
Suppose 0 = -5*b + 3*m - 32 - 43, -5*b - 80 = -4*m. List the prime factors of b/(-2) + -3 - (-956)/2.
13, 37
Suppose -413*n + 140 = -423*n. List the prime factors of (-13224)/n - ((-594)/63 - -10).
2, 59
Suppose -14531 = -29*p - 3*p + 185725. What are the prime factors of p?
2, 3, 7, 149
Let s be 112/21 - (-14)/(-6). Suppose 26 = 2*p + l - 791, -3*p + 1233 = s*l. List the prime factors of p.
2, 7, 29
Let w(l) be the third derivative of 7*l**4/12 - 43*l**3/2 + 98*l**2. What are the prime factors of w(27)?
3, 83
Let a(i) = 1 + 6 - 3 - 6*i - 2. Let n be a(0). Suppose 195 + 83 = n*v. What are the prime factors of v?
139
Let i(r) = 25*r - 30. Let t(v) = -1. Let y(u) = i(u) - 2*t(u). Let o = 1988 - 1982. What are the prime factors of y(o)?
2, 61
Let p(t) = -t**3 - 21*t**2 + 18*t - 46. Let m be p(-22). Suppose 5*b + m = -108. List the prime factors of 110/b*(-1 + -2).
11
Suppose -57 = f + 54*c - 58*c, f - 2*c = -61. Let u(p) = p**2 + 2*p - 3. Let n be u(-3). What are the prime factors of (-2)/8*n + f/(-1)?
5, 13
Suppose 57*d + 2*h = 52*d + 82054, 3*h - 32815 = -2*d. What are the prime factors of d?
2, 11, 373
Suppose 5*g - 40040 = z, -4*g - 11*z + 32061 = -6*z. List the prime factors of g.
8009
Let p = 478 - -704. Suppose 0 = y - 2*t - 359, -5*y + 568 = -t - p. What are the prime factors of y?
349
Let y be (75/(-2))/((-8 + 4)/8). Suppose -78*x = -y*x - 2949. List the prime factors of x.
983
Let j be (3 + (-20)/6)/(2/(-72)). What are the prime factors of j/((-16)/450*9/(-12))?
2, 3, 5
Suppose 4*b = -0*b - 3*k - 1603, 5*b - 3*k = -1997. Let o = b + 610. List the prime factors of o.
2, 3, 5, 7
Let b = -7 - -9. Let y(s) = -2*s**2 - 6. Let k(u) = 5*u + 27. Let h(j) = -k(j) - 5*y(j). What are the prime factors of h(b)?
3, 11
Let y(z) = -43*z**3 - 2*z**2. Let r be y(-2). Suppose r + 343 = 7*x. List the prime factors of x.
97
Let s = 21804 - 8669. What are the prime factors of s?
5, 37, 71
Suppose 0 = 11*f + 5242 - 73970. What are the prime factors of f?
2, 11, 71
Suppose -2*h = -7 - 21. Suppose 2*b + h = 44. Suppose -b*k = -13*k - 76. What are the prime factors of k?
2, 19
Suppose 10134589 - 3397993 = 336*p - 2878380. List the prime factors of p.
2, 7, 73
Suppose 10*u = 42*u - 164480. What are the prime factors of u?
2, 5, 257
Suppose v - 4*n - 4 = -n, 4*n - 4 = -v. Suppose v*a = -3*g + g - 16, 16 = 2*g - 4*a. Suppose -2*h + 39 + 185 = g. List the prime factors of h.
2, 7
Suppose 0 = 2*q - 3*q - 2*a + 1368, 0 = 5*q + a - 6831. Suppose -q - 1154 = -8*o. What are the prime factors of o?
3, 5, 7
Let h(b) = 1023*b**2 + 535*b + 1615. What are the prime factors of h(-3)?
13, 709
Suppose -15*l - 28*l = -758864. List the prime factors of l.
2, 1103
Suppose 5*c - 2*a = 4*c + 45, c + 4*a = 45. What are the prime factors of c/(-15) - (0 - (-3 - -512))?
2, 11, 23
Suppose -10*r = -25*r + 315. Suppose 2*j + r = 3. List the prime factors of 146 - 0/(j + 4).
2, 73
Let l = -220 + 223. Suppose l*m = -4*s + 3368, -5*s + 2*m = 1562 - 5772. List the prime factors of s.
2, 421
Suppose 3*f + 127 = -155. Let l = f - -114. Let a = 146 - l. What are the prime factors of a?
2, 3, 7
Suppose 64882 = 2*u - 5*y, -2*u + 4*y - 8492 = -73370. What are the prime factors of u?
7, 41, 113
Suppose -5*c + 198994 = -4*i, 2171*c - 2170*c - i - 39799 = 0. List the prime factors of c.
2, 3, 11, 67
Let y(r) be the second derivative of 61*r**3/6 - 45*r**2 - 19*r. What are the prime factors of y(8)?
2, 199
Let x = -18484 + 27268. List the prime factors of x.
2, 3, 61
Let u(p) = -5086*p - 1005. List the prime factors of u(-8).
7, 5669
Let w(r) = -r**2 + 7. Let x be w(-2). Suppose -x*q = l - 0*l - 278, -5*q + 5 = 0. What are the prime factors of l?
5, 11
Suppose -99 = 3*d - 207. Let p be 604/d - 2/(-9). Suppose -21*v = -p*v - 8. What are the prime factors of v?
2
Let y = 16391 + -4971. What are the prime factors of y?
2, 5, 571
Let b be 2/(24/(-9)) + 177/12. Suppose -4*u - 3*u + b = 0. Suppose -4 = -2*i + n + 2, -2*i - n = -u. List the prime factors of i.
2
Let y(o) be the second derivative of o**4/6 + 11*o**3/2 - 11*o**2/2 + 5*o. Suppose 6*d - 19*d - 221 = 0. List the prime factors of y(d).
2, 3
Let t be -19 + 14 + 4*1. Let d(v) = v - 1. Let r(u) = -3*u**2 + 8*u + 15. Let l(y) = t*r(y) - 4*d(y). List the prime factors of l(7).
2, 13
Suppose -57608 = 1038*i - 1042*i. List the prime factors of i.
2, 19, 379
Let i(y) = y**2 + 10*y - 12. Let a be i(5). Suppose -4*k + 1225 = -5*c, 3*k - 2*c = 861 + a. List the prime factors of k.
2, 5, 31
Let g(r) = -r**2 + 6*r + 14. Let t be g(7). Suppose 2*a = 31 + t. Suppose -3*k + a = -50. List the prime factors of k.
23
Let t be 2/11 + -314*48/132. Let z = -34 - t. What are the prime factors of z?
2, 5
Suppose 2*l = -4*i + 8862, 2*i - 4425 = 4*l - 3*l. Suppose 0 = -6*r + 15*r - i. What are the prime factors of r?
2, 3, 41
Suppose 0 = -4*a + 100 + 20. Suppose 2*x + 3 = 4*x + 5*h, 4*x + a = 2*h. List the prime factors of (-39)/2*4/x.
13
Let i(w) be the first derivative of 41*w**3/6 + 3*w**2/2 - 24*w - 23. Let z(k) be the first derivative of i(k). List the prime factors of z(3).
2, 3, 7
Let p(n) = -61*n + 3184. What are the prime factors of p(12)?
2, 613
List the prime factors of 0 + 23813 + -3*(-18)/27.
5, 11, 433
Suppose 265*x = 340*x - 1486725. What are the prime factors of x?
43, 461
Let u = 54 + -51. Suppose -28 = -u*k + 2. Let q = k - -3